{"id":210,"date":"2019-03-26T10:51:27","date_gmt":"2019-03-26T10:51:27","guid":{"rendered":"http:\/\/christianclaas.com\/?page_id=210"},"modified":"2024-04-13T05:40:41","modified_gmt":"2024-04-13T05:40:41","slug":"inszenierungen","status":"publish","type":"page","link":"https:\/\/christianclaas.com\/?page_id=210","title":{"rendered":"Inszenierungen"},"content":{"rendered":"\t\t<div data-elementor-type=\"wp-post\" data-elementor-id=\"210\" class=\"elementor elementor-210\">\n\t\t\t\t\t\t<section class=\"elementor-section elementor-top-section elementor-element elementor-element-40d1d59a elementor-section-boxed elementor-section-height-default elementor-section-height-default\" data-id=\"40d1d59a\" data-element_type=\"section\">\n\t\t\t\t\t\t<div class=\"elementor-container elementor-column-gap-default\">\n\t\t\t\t\t<div class=\"elementor-column elementor-col-100 elementor-top-column elementor-element elementor-element-6d92b42c\" data-id=\"6d92b42c\" data-element_type=\"column\">\n\t\t\t<div class=\"elementor-widget-wrap elementor-element-populated\">\n\t\t\t\t\t\t<div class=\"elementor-element elementor-element-7fbb4fd2 elementor-widget elementor-widget-text-editor\" data-id=\"7fbb4fd2\" data-element_type=\"widget\" data-widget_type=\"text-editor.default\">\n\t\t\t\t<div class=\"elementor-widget-container\">\n\t\t\t\t\t\t\t<p><!-- wp:paragraph --><\/p>\n<p>2023 &nbsp; &nbsp; &nbsp; <strong>Pu der B\u00e4r&nbsp;<br><\/strong>&nbsp; &nbsp; &nbsp; &nbsp; &nbsp; &nbsp; &nbsp; &nbsp; &nbsp;Skript\/Regie\/Musik: Christian Claas<br>&nbsp; &nbsp; &nbsp; &nbsp; &nbsp; &nbsp; &nbsp; &nbsp; &nbsp;Staatstheater Meiningen<\/p>\n<p><strong style=\"font-size: 1rem;\">&nbsp; &nbsp; &nbsp; &nbsp; &nbsp; &nbsp; &nbsp; &nbsp; Wo ist mein Bogen? &#8211;<br><\/strong><span style=\"font-family: var( --e-global-typography-text-font-family ), Sans-serif; font-size: 1rem;\">&nbsp; &nbsp; &nbsp; &nbsp; &nbsp; &nbsp; &nbsp; &nbsp; Sinfoniekonzert mit Puppe&nbsp;<\/span><\/p>\n<p><span style=\"font-family: var( --e-global-typography-text-font-family ), Sans-serif; font-size: 1rem;\">&nbsp; &nbsp; &nbsp; &nbsp; &nbsp; &nbsp; &nbsp; &nbsp; Skript\/Regie: Christian Claas<\/span><\/p>\n<p><span style=\"font-family: var( --e-global-typography-text-font-family ), Sans-serif; font-size: 1rem;\">&nbsp; &nbsp; &nbsp; &nbsp; &nbsp; &nbsp; &nbsp; &nbsp; Robert-Schumann-Philharmonie Chemnitz<\/span><\/p>\n<p><span style=\"color: #7a7a7a; font-family: Helvetica; font-size: medium;\"><span style=\"caret-color: #000000;\">2022 &nbsp; &nbsp; &nbsp;&nbsp;<\/span><\/span><strong style=\"font-family: var( --e-global-typography-text-font-family ), Sans-serif; font-size: 1rem;\">Kugel! Dame! K\u00f6nig! Frosch! &#8211;&nbsp;<\/strong><\/p>\n<p><span style=\"font-family: var( --e-global-typography-text-font-family ), Sans-serif; font-size: 1rem;\">&nbsp; &nbsp; &nbsp; &nbsp; &nbsp; &nbsp; &nbsp; &nbsp; &nbsp;ein grimmsches Zirkuspektakel<\/span><\/p>\n<p>&nbsp; &nbsp; &nbsp; &nbsp; &nbsp; &nbsp; &nbsp; &nbsp; &nbsp;Skript\/Regie\/Musik\/B\u00fchnenbild: Christian Claas<br>&nbsp; &nbsp; &nbsp; &nbsp; &nbsp; &nbsp; &nbsp; &nbsp; &nbsp;Theater Chapeau Claque Bamberg<\/p>\n<p><strong style=\"caret-color: #000000; color: #7a7a7a; font-family: Helvetica; font-size: medium;\">&nbsp; &nbsp; &nbsp; &nbsp; &nbsp; &nbsp; &nbsp; &nbsp;Flie\u00dfende T\u00f6ne &#8211;<br>&nbsp; &nbsp; &nbsp; &nbsp; &nbsp; &nbsp; &nbsp; &nbsp;R.O.B. f\u00e4hrt auf Smetanas Moldau<br><\/strong><span style=\"text-indent: -49.65pt;\">&nbsp; &nbsp; &nbsp; &nbsp; &nbsp; &nbsp; &nbsp; &nbsp; &nbsp;Sinfoniekonzert mit Puppe<\/span><strong style=\"caret-color: #000000; color: #7a7a7a; font-family: Helvetica; font-size: medium;\"><br><\/strong><span style=\"color: #7a7a7a; font-family: Helvetica; font-size: medium;\"><span style=\"caret-color: #000000;\">&nbsp; &nbsp; &nbsp; &nbsp; &nbsp; &nbsp; &nbsp; &nbsp;Robert-Schumann-Philharmonie Chemnitz<\/span><\/span><\/p>\n<p style=\"margin: 0cm 0cm 6pt 49.65pt; font-size: medium; font-family: Cambria; caret-color: #000000; color: #000000; text-indent: -49.65pt;\"><span style=\"font-family: Helvetica; color: #7a7a7a;\"><br><\/span><span style=\"font-weight: bold;\"><span style=\"font-family: Helvetica; color: #7a7a7a;\">Ein Meteorit mit Bart?&nbsp;<\/span><\/span><span style=\"font-family: Helvetica; color: #7a7a7a;\">Sinfoniekonzert mit Puppe<span style=\"font-weight: bold;\">&nbsp;<\/span><\/span><\/p>\n<p style=\"margin: 0cm 0cm 6pt 49.6pt; font-size: medium; font-family: Cambria; caret-color: #000000; color: #000000;\"><span style=\"font-family: Helvetica; color: #7a7a7a;\">Skript\/Regie\/Video: Christian&nbsp;<\/span><span style=\"font-family: Helvetica; color: #7a7a7a;\">Claas.<br>Robert Schumann Philharmonie Chemnitz<\/span><\/p>\n<p><span style=\"font-weight: bold;\"><span style=\"font-family: Helvetica;\">2021 &nbsp; &nbsp; &nbsp; Lock down my home office. 2.0<\/span><\/span><\/p>\n<p><span style=\"font-family: Helvetica; font-weight: bold;\">&nbsp; &nbsp; &nbsp; &nbsp; &nbsp; &nbsp; &nbsp; &nbsp;<\/span><span style=\"color: #808080; font-family: Helvetica; font-size: 0.8125rem; font-weight: bold; letter-spacing: 0.15em; text-transform: uppercase;\">Von Ausf\u00e4llen und Einf\u00e4llen.&nbsp;<\/span><\/p><p><span style=\"color: #808080; font-family: Helvetica; font-size: 0.8125rem; font-weight: bold; letter-spacing: 0.15em; text-transform: uppercase;\">&nbsp; &nbsp; &nbsp; &nbsp; &nbsp; &nbsp; Hausinterne reisen mit ferndialogen<\/span><\/p>\n<p style=\"margin: 0cm 0cm 6pt 49.65pt; font-size: medium; font-family: Cambria; caret-color: #000000; color: #000000; text-indent: -49.65pt;\"><span style=\"font-family: Helvetica; color: #7a7a7a;\">2020&nbsp;&nbsp;&nbsp;&nbsp;&nbsp;&nbsp;&nbsp;<b>Wandertag im Weltraum.&nbsp;<br>Ein interaktives Streaming-Puppen-Erlebnis f\u00fcr Schulklassen und Zuhause-Sch\u00fcler<\/b><\/span><\/p>\n<p style=\"margin: 0cm 0cm 6pt 49.6pt; font-size: medium; font-family: Cambria; caret-color: #000000; color: #000000; text-indent: -49.6pt;\"><span style=\"font-family: Helvetica; color: #7a7a7a;\">&nbsp;&nbsp;&nbsp;&nbsp;&nbsp;&nbsp;&nbsp;&nbsp;&nbsp;&nbsp;&nbsp;&nbsp;&nbsp;&nbsp;&nbsp;Konzept\/Buch\/Regie\/Musik: Christian Claas<br>DieTheater Chemnitz: Figurentheater<b><\/b><\/span><\/p>\n<p style=\"margin: 0cm 0cm 6pt 49.6pt; caret-color: #000000; text-indent: -49.6pt;\"><span style=\"color: #000000; font-family: Cambria; font-size: medium;\">&nbsp; &nbsp; &nbsp; &nbsp; &nbsp; &nbsp; &nbsp; &nbsp;&nbsp;<\/span><\/p>\n<p style=\"margin: 0cm 0cm 6pt 49.6pt; caret-color: #000000; text-indent: -49.6pt;\"><span style=\"color: #000000; font-family: Cambria; font-size: medium;\">&nbsp; &nbsp; &nbsp; &nbsp; &nbsp; &nbsp; &nbsp; &nbsp;&nbsp;<\/span><span style=\"color: var( --e-global-color-text ); font-family: Helvetica; font-size: 1rem; font-weight: bold;\">Lock down my home office.<\/span><\/p>\n<p style=\"margin: 0cm 0cm 18pt 49.65pt; font-size: medium; font-family: Cambria; caret-color: #000000; color: #000000;\"><span style=\"font-family: Helvetica; color: #7a7a7a;\">Eine innerfamili\u00e4re Dauerperformance ohne Zuschauer mit t\u00e4glichen Dauervorstellungen<br>Skript\/Regie\/Musik\/Ausstattung\/Kost\u00fcme: Alle daheim. &nbsp;<br>Catering: Christian Claas<\/span><\/p>\n<p style=\"margin: 0cm 0cm 6pt 49.6pt; font-size: medium; font-family: Cambria; caret-color: #000000; color: #000000; text-indent: -49.6pt;\"><span style=\"font-family: Helvetica; color: #7a7a7a;\">2019&nbsp;&nbsp;&nbsp;&nbsp;&nbsp;&nbsp;&nbsp;<b>Armstrong. Die abenteuerliche Reise einer Maus zum Mond<br>Urauff\u00fchrung nach Kuhlmann.<\/b><\/span><\/p>\n<p style=\"margin: 0cm 0cm 6pt 49.6pt; font-size: medium; font-family: Cambria; caret-color: #000000; color: #000000; text-indent: -49.6pt;\"><span style=\"font-family: Helvetica; color: #7a7a7a;\">&nbsp;&nbsp;&nbsp;&nbsp;&nbsp;&nbsp;&nbsp;&nbsp;&nbsp;&nbsp;&nbsp;&nbsp;&nbsp;&nbsp;&nbsp;Skript \/ Musik \/ Regie: Christian Claas&nbsp;Urauff\u00fchrung<b><br><\/b>Theater Chapeau Claque, Bamberg<\/span><\/p>\n<p style=\"margin: 0cm 0cm 0.0001pt 49.65pt; font-size: medium; font-family: Cambria; caret-color: #000000; color: #000000; text-indent: -49.65pt;\">\n<\/p><p style=\"margin: 6pt 0cm 6pt 49.6pt; font-size: medium; font-family: Cambria; caret-color: #000000; color: #000000;\"><b><span style=\"font-family: Helvetica; color: #7a7a7a;\">Wo ist mein Bogen?&nbsp;<\/span><\/b><span style=\"font-family: Helvetica; color: #7a7a7a;\">Sinfoniekonzert mit Puppe<\/span><\/p>\n<p style=\"margin: 6pt 0cm 18pt 49.6pt; font-size: medium; font-family: Cambria; caret-color: #000000; color: #000000;\"><span style=\"font-family: Helvetica; color: #7a7a7a;\">Skript\/Regie: Christian Claas.<\/span><span style=\"font-family: Helvetica;\"><br><\/span><span style=\"font-family: Helvetica; color: #7a7a7a;\">Robert Schumann Philharmonie, Chemnitz<\/span><\/p>\n<p>2018 &nbsp; &nbsp; &nbsp; &nbsp;<strong>Eine Weihnachtsgeschichte nach Dickens <\/strong>\/ Claas&nbsp;&nbsp;&nbsp;&nbsp;&nbsp;<br>&nbsp; &nbsp; &nbsp; &nbsp; &nbsp; &nbsp; &nbsp; &nbsp; &nbsp;Chapeau Claque Bamberg<\/p>\n<p><!-- \/wp:paragraph --><\/p>\n<p><!-- wp:paragraph --><\/p>\n<p>2017 &nbsp; &nbsp; &nbsp; &nbsp;<strong>Aladin und die Wunderlampe&nbsp;&nbsp;&nbsp;&nbsp;&nbsp;&nbsp;<\/strong>\/ Claas&nbsp;&nbsp;&nbsp;&nbsp;&nbsp;&nbsp;&nbsp;&nbsp;&nbsp;&nbsp;&nbsp;&nbsp;&nbsp;&nbsp;&nbsp;&nbsp;&nbsp;&nbsp;&nbsp;&nbsp;&nbsp;&nbsp;&nbsp;&nbsp;&nbsp;<br>&nbsp; &nbsp; &nbsp; &nbsp; &nbsp; &nbsp; &nbsp; &nbsp; &nbsp;Figurentheater Chemnitz<\/p>\n<p><!-- \/wp:paragraph --><\/p>\n<p><!-- wp:paragraph --><\/p>\n<p><strong>&nbsp; &nbsp; &nbsp; &nbsp; &nbsp; &nbsp; &nbsp; &nbsp; &nbsp;Sie s\u00fc\u00dfesten Fr\u00fcchte&nbsp;&nbsp;&nbsp;&nbsp;&nbsp;&nbsp;&nbsp;&nbsp;&nbsp;&nbsp;&nbsp;&nbsp;&nbsp;&nbsp;&nbsp;&nbsp;&nbsp;&nbsp;&nbsp;&nbsp;<\/strong>\/ Claas \/ Wirtz&nbsp;&nbsp;&nbsp;&nbsp;&nbsp;&nbsp;&nbsp;&nbsp;&nbsp;&nbsp;&nbsp;&nbsp;&nbsp;&nbsp;&nbsp;&nbsp;&nbsp;&nbsp;&nbsp;&nbsp;&nbsp;&nbsp;&nbsp;&nbsp;&nbsp;&nbsp;&nbsp;<br>&nbsp; &nbsp; &nbsp; &nbsp; &nbsp; &nbsp; &nbsp; &nbsp; &nbsp;TdJW, Leipzig<\/p>\n<p><!-- \/wp:paragraph --><\/p>\n<p><!-- wp:paragraph --><\/p>\n<p>2016 &nbsp; &nbsp; &nbsp; &nbsp;<strong>Der Zauber von OZ&nbsp;&nbsp;&nbsp;&nbsp;&nbsp;&nbsp;&nbsp;&nbsp;&nbsp;&nbsp;&nbsp;&nbsp;&nbsp;&nbsp;&nbsp;&nbsp;&nbsp;&nbsp;&nbsp;&nbsp;&nbsp;&nbsp;&nbsp;&nbsp;&nbsp;<\/strong>\/ Claas (Baum)&nbsp;&nbsp;&nbsp;&nbsp;&nbsp;&nbsp;&nbsp;&nbsp;&nbsp;<br>&nbsp; &nbsp; &nbsp; &nbsp; &nbsp; &nbsp; &nbsp; &nbsp; &nbsp;Staatstheater Meiningen<\/p>\n<p><!-- \/wp:paragraph --><\/p>\n<p><!-- wp:paragraph --><\/p>\n<p>&nbsp; &nbsp; &nbsp; &nbsp; &nbsp; &nbsp; &nbsp; &nbsp; &nbsp;<strong>Auf dem Mond gibt\u2019s keine T\u00f6ne&nbsp;&nbsp;<\/strong>\/ St\u00fcckentwicklung&nbsp;<br>&nbsp; &nbsp; &nbsp; &nbsp; &nbsp; &nbsp; &nbsp; &nbsp; &nbsp;Theater des Lachens F. (O)<br>&nbsp; &nbsp; &nbsp; &nbsp; &nbsp; &nbsp; &nbsp; &nbsp; &nbsp;Das weite Theater, Berlin&nbsp;<\/p>\n<p><!-- \/wp:paragraph --><\/p>\n<p><!-- wp:paragraph --><\/p>\n<p>&nbsp; &nbsp; &nbsp; &nbsp; &nbsp; &nbsp; &nbsp; &nbsp; &nbsp;<strong>Don Quijote&nbsp;&nbsp;&nbsp;&nbsp;&nbsp;&nbsp;&nbsp;&nbsp;&nbsp;&nbsp;&nbsp;&nbsp;&nbsp;&nbsp;&nbsp;&nbsp;&nbsp;&nbsp;&nbsp;&nbsp;&nbsp;&nbsp;&nbsp;&nbsp;&nbsp;&nbsp;&nbsp;&nbsp;&nbsp;&nbsp;&nbsp;&nbsp;&nbsp;&nbsp;<\/strong>\/ Claas (Cervantes)&nbsp;&nbsp;&nbsp;&nbsp;&nbsp;&nbsp;&nbsp;&nbsp;&nbsp;&nbsp;&nbsp;&nbsp;&nbsp;&nbsp;&nbsp;&nbsp;&nbsp;&nbsp;<br>&nbsp; &nbsp; &nbsp; &nbsp; &nbsp; &nbsp; &nbsp; &nbsp; &nbsp;Theater Plauen\/Zwickau<\/p>\n<p><!-- \/wp:paragraph --><\/p>\n<p><!-- wp:paragraph --><\/p>\n<p>2015 &nbsp; &nbsp; &nbsp; &nbsp;<strong>Gerechtes Geld&nbsp;&nbsp;&nbsp;&nbsp;&nbsp;&nbsp;&nbsp;&nbsp;&nbsp;&nbsp;&nbsp;&nbsp;&nbsp;&nbsp;&nbsp;&nbsp;&nbsp;&nbsp;&nbsp;&nbsp;&nbsp;&nbsp;&nbsp;&nbsp;<\/strong>\/ Crowley&nbsp;&nbsp;&nbsp;&nbsp;&nbsp;&nbsp;&nbsp;&nbsp;&nbsp;&nbsp;&nbsp;&nbsp;&nbsp;&nbsp;&nbsp;&nbsp;&nbsp;&nbsp;&nbsp;&nbsp;&nbsp;&nbsp;&nbsp;&nbsp;&nbsp;&nbsp;&nbsp;&nbsp;&nbsp;&nbsp;&nbsp;&nbsp;&nbsp;&nbsp;<br>&nbsp; &nbsp; &nbsp; &nbsp; &nbsp; &nbsp; &nbsp; &nbsp; &nbsp;Theater Magdeburg<\/p>\n<p><!-- \/wp:paragraph --><\/p>\n<p><!-- wp:paragraph --><\/p>\n<p>2014 &nbsp; &nbsp; &nbsp; &nbsp;<strong>Peter Pan&nbsp;&nbsp;&nbsp;&nbsp;&nbsp;&nbsp;&nbsp;&nbsp;&nbsp;&nbsp;&nbsp;&nbsp;&nbsp;&nbsp;&nbsp;&nbsp;&nbsp;&nbsp;&nbsp;&nbsp;&nbsp;&nbsp;&nbsp;&nbsp;&nbsp;&nbsp;&nbsp;&nbsp;&nbsp;&nbsp;&nbsp;&nbsp;&nbsp;<\/strong>\/ Claas (Barrie)&nbsp;&nbsp;&nbsp;&nbsp;&nbsp;&nbsp;&nbsp;&nbsp;&nbsp;&nbsp;&nbsp;&nbsp;&nbsp;&nbsp;&nbsp;&nbsp;&nbsp;&nbsp;&nbsp;&nbsp;&nbsp;&nbsp;&nbsp;&nbsp;&nbsp;<br>&nbsp; &nbsp; &nbsp; &nbsp; &nbsp; &nbsp; &nbsp; &nbsp; &nbsp;Staatstheater Meiningen<\/p>\n<p><!-- \/wp:paragraph --><\/p>\n<p><!-- wp:paragraph --><\/p>\n<p>2013 &nbsp; &nbsp; &nbsp; &nbsp;<strong>Gerechtes Geld<\/strong>&nbsp;&nbsp;&nbsp;&nbsp;&nbsp;&nbsp;&nbsp;&nbsp;&nbsp;&nbsp;&nbsp;&nbsp;&nbsp;&nbsp;&nbsp;&nbsp;&nbsp;&nbsp;\/ Crowley&nbsp;&nbsp;&nbsp;&nbsp;&nbsp;&nbsp;&nbsp;&nbsp;&nbsp;&nbsp;&nbsp;&nbsp;&nbsp;&nbsp;&nbsp;&nbsp;&nbsp;&nbsp;&nbsp;&nbsp;&nbsp;&nbsp;&nbsp;&nbsp;&nbsp;&nbsp;&nbsp;&nbsp;&nbsp;&nbsp;&nbsp;&nbsp;&nbsp;&nbsp;<br>&nbsp; &nbsp; &nbsp; &nbsp; &nbsp; &nbsp; &nbsp; &nbsp; &nbsp;Staatstheater Meiningen<\/p>\n<p><!-- \/wp:paragraph --><\/p>\n<p><!-- wp:paragraph --><\/p>\n<p>2011 &nbsp; &nbsp; &nbsp; &nbsp;<strong>Jedermann<\/strong>\/ Hofmannsthal \/ Co-Regie mit W. Glatzeder&nbsp;&nbsp;&nbsp;&nbsp;<br>&nbsp; &nbsp; &nbsp; &nbsp; &nbsp; &nbsp; &nbsp; &nbsp; &nbsp;Staatstheater Meiningen<\/p>\n<p><!-- \/wp:paragraph --><\/p>\n<p><!-- wp:paragraph --><\/p>\n<p>2010 &nbsp; &nbsp; &nbsp; &nbsp;<strong>Der Maler des K\u00f6nigs (UA)<\/strong>&nbsp;&nbsp;&nbsp;&nbsp;&nbsp;&nbsp;&nbsp;&nbsp;&nbsp;&nbsp;&nbsp;&nbsp;&nbsp;&nbsp;&nbsp;&nbsp;&nbsp;&nbsp;&nbsp;\/ Hacks&nbsp;&nbsp;&nbsp;&nbsp;&nbsp;&nbsp;&nbsp;&nbsp;&nbsp;&nbsp;&nbsp;&nbsp;&nbsp;&nbsp;&nbsp;&nbsp;&nbsp;&nbsp;&nbsp;&nbsp;&nbsp;<br>&nbsp; &nbsp; &nbsp; &nbsp; &nbsp; &nbsp; &nbsp; &nbsp; &nbsp;Staatstheater Meiningen<\/p>\n<p><!-- \/wp:paragraph --><\/p>\n<p><!-- wp:paragraph --><\/p>\n<p>&nbsp;&nbsp;&nbsp;&nbsp;&nbsp;&nbsp;&nbsp;&nbsp;&nbsp;&nbsp;&nbsp;&nbsp;&nbsp;&nbsp;<strong>&nbsp; &nbsp;Die Marquise von O.<\/strong>&nbsp; \/ Kleist \u2013 Szenische Lesung&nbsp;&nbsp;&nbsp;&nbsp;&nbsp;<br>&nbsp; &nbsp; &nbsp; &nbsp; &nbsp; &nbsp; &nbsp; &nbsp; &nbsp;Staatstheater Meiningen<\/p>\n<p><!-- \/wp:paragraph --><\/p>\n<p><!-- wp:paragraph --><\/p>\n<p>&nbsp; &nbsp; &nbsp; &nbsp; &nbsp; &nbsp; &nbsp; &nbsp; &nbsp;<strong>Mit dem Einkaufswagen durch die W\u00fcste<\/strong>\/ Revue&nbsp;&nbsp;&nbsp;&nbsp;&nbsp;&nbsp;&nbsp;&nbsp;&nbsp;<br>&nbsp; &nbsp; &nbsp; &nbsp; &nbsp; &nbsp; &nbsp; &nbsp; &nbsp;Staatstheater Meiningen<\/p>\n<p><!-- \/wp:paragraph --><\/p>\n<p><!-- wp:paragraph --><\/p>\n<p>2008 &nbsp; &nbsp; &nbsp; &nbsp;<strong>Aschenputtel&nbsp;<\/strong>&nbsp;&nbsp;&nbsp;&nbsp;&nbsp;&nbsp;&nbsp;&nbsp;&nbsp;&nbsp;&nbsp;&nbsp;&nbsp;&nbsp;&nbsp;&nbsp;&nbsp;&nbsp;&nbsp;&nbsp;&nbsp;&nbsp;&nbsp;&nbsp;&nbsp;&nbsp;&nbsp;&nbsp;&nbsp;&nbsp;&nbsp;&nbsp;&nbsp;\/ L\u00fctje, Schild&nbsp;&nbsp;&nbsp;&nbsp;&nbsp;&nbsp;&nbsp;&nbsp;&nbsp;&nbsp;&nbsp;&nbsp;&nbsp;&nbsp;&nbsp;&nbsp;&nbsp;&nbsp;&nbsp;<br>&nbsp; &nbsp; &nbsp; &nbsp; &nbsp; &nbsp; &nbsp; &nbsp; &nbsp;Staatstheater Meiningen<\/p>\n<p><!-- \/wp:paragraph --><\/p>\n<p><!-- wp:paragraph --><\/p>\n<p>&nbsp;&nbsp;&nbsp;&nbsp;&nbsp;&nbsp;&nbsp;&nbsp;&nbsp;&nbsp;&nbsp;&nbsp;&nbsp;&nbsp;<strong>&nbsp; &nbsp;Revue zum Ball<\/strong>&nbsp;&nbsp;&nbsp;&nbsp;&nbsp;&nbsp;&nbsp;&nbsp;&nbsp;&nbsp;&nbsp;&nbsp;&nbsp;&nbsp;&nbsp;&nbsp;&nbsp;&nbsp;&nbsp;&nbsp;&nbsp;&nbsp;&nbsp;&nbsp;&nbsp;&nbsp;&nbsp;&nbsp;&nbsp;&nbsp;\/ Polt&nbsp;&nbsp;&nbsp;&nbsp;&nbsp;&nbsp;&nbsp;&nbsp;&nbsp;&nbsp;&nbsp;&nbsp;&nbsp;&nbsp;&nbsp;&nbsp;&nbsp;&nbsp;&nbsp;&nbsp;&nbsp;&nbsp;&nbsp;&nbsp;&nbsp;&nbsp;&nbsp;&nbsp;&nbsp;&nbsp;&nbsp;&nbsp;&nbsp;&nbsp;&nbsp;&nbsp; &nbsp;&nbsp;<br>&nbsp; &nbsp; &nbsp; &nbsp; &nbsp; &nbsp; &nbsp; &nbsp; &nbsp;Staatstheater Meiningen<\/p>\n<p><!-- \/wp:paragraph --><\/p>\n<p><!-- wp:paragraph --><\/p>\n<p>2007 &nbsp; &nbsp; &nbsp; &nbsp;<strong>Ach wenn mir nur gruselte<\/strong>&nbsp;&nbsp;&nbsp;&nbsp;&nbsp;&nbsp;&nbsp;&nbsp;\/ Revue&nbsp;&nbsp;&nbsp;&nbsp;&nbsp;&nbsp;&nbsp;&nbsp;&nbsp;&nbsp;&nbsp;&nbsp;&nbsp;&nbsp;&nbsp;&nbsp;&nbsp;&nbsp;&nbsp;&nbsp;&nbsp;&nbsp;&nbsp;&nbsp;&nbsp;&nbsp;&nbsp;&nbsp;&nbsp;&nbsp;&nbsp;<br>&nbsp; &nbsp; &nbsp; &nbsp; &nbsp; &nbsp; &nbsp; &nbsp; &nbsp;Staatstheater Meiningen<\/p>\n<p><!-- \/wp:paragraph --><\/p>\n<p><!-- wp:paragraph --><\/p>\n<p>&nbsp; &nbsp; &nbsp; &nbsp; &nbsp; &nbsp; &nbsp; &nbsp; &nbsp;<strong>Dschungelbuch&nbsp;<\/strong>&nbsp;&nbsp;&nbsp;&nbsp;&nbsp;&nbsp;&nbsp;&nbsp;&nbsp;&nbsp;&nbsp;&nbsp;&nbsp;&nbsp;&nbsp;&nbsp;&nbsp;&nbsp;&nbsp;&nbsp;&nbsp;&nbsp;&nbsp;&nbsp;&nbsp;&nbsp;&nbsp;&nbsp;&nbsp;&nbsp;\/ Kipling&nbsp;&nbsp;&nbsp;&nbsp;&nbsp;&nbsp;&nbsp;&nbsp;&nbsp;&nbsp;&nbsp;&nbsp;&nbsp;&nbsp;&nbsp;&nbsp;&nbsp;&nbsp;&nbsp;&nbsp;&nbsp;&nbsp;&nbsp;&nbsp;&nbsp;&nbsp;&nbsp;&nbsp;&nbsp;&nbsp;&nbsp;&nbsp;<br>&nbsp; &nbsp; &nbsp; &nbsp; &nbsp; &nbsp; &nbsp; &nbsp; &nbsp;Naturb\u00fchne Hohensyburg<\/p>\n<p><!-- \/wp:paragraph --><\/p>\n<p><!-- wp:paragraph --><\/p>\n<p>2006 &nbsp; &nbsp; &nbsp; &nbsp;<strong>Urmel aus dem Eis<\/strong>&nbsp;&nbsp;&nbsp;&nbsp;&nbsp;&nbsp;&nbsp;&nbsp;&nbsp;&nbsp;&nbsp;&nbsp;&nbsp;&nbsp;&nbsp;&nbsp;&nbsp;&nbsp;&nbsp;&nbsp;&nbsp;&nbsp;&nbsp;&nbsp;\/ Preu\u00dfler&nbsp;&nbsp;&nbsp;&nbsp;&nbsp;&nbsp;&nbsp;&nbsp;&nbsp;&nbsp;&nbsp;&nbsp;&nbsp;&nbsp;&nbsp;&nbsp;&nbsp;&nbsp;&nbsp;&nbsp;&nbsp; &nbsp;<br>&nbsp; &nbsp; &nbsp; &nbsp; &nbsp; &nbsp; &nbsp; &nbsp; &nbsp;Naturb\u00fchne Hohensyburg<\/p>\n<p><!-- \/wp:paragraph --><\/p>\n<p><!-- wp:paragraph --><\/p>\n<p>2005 &nbsp; &nbsp; &nbsp; &nbsp;<strong>Robin Hood<\/strong>&nbsp;&nbsp;&nbsp;&nbsp;&nbsp;&nbsp;&nbsp;&nbsp;&nbsp;&nbsp;&nbsp;&nbsp;&nbsp;&nbsp;&nbsp;&nbsp;&nbsp;&nbsp;&nbsp;&nbsp;&nbsp;&nbsp;&nbsp;&nbsp;&nbsp;&nbsp;&nbsp;&nbsp;&nbsp;&nbsp;&nbsp;&nbsp;&nbsp;&nbsp;&nbsp;&nbsp;&nbsp;\/ Friedman&nbsp;&nbsp;&nbsp;&nbsp;&nbsp;&nbsp;&nbsp;&nbsp;&nbsp;&nbsp;&nbsp;&nbsp;&nbsp;&nbsp;&nbsp;&nbsp;&nbsp;&nbsp;&nbsp;&nbsp;&nbsp;&nbsp;<br>&nbsp; &nbsp; &nbsp; &nbsp; &nbsp; &nbsp; &nbsp; &nbsp; &nbsp;Castillo Theatre \/ New York<\/p>\n<p><!-- \/wp:paragraph --><\/p>\t\t\t\t\t\t<\/div>\n\t\t\t\t<\/div>\n\t\t\t\t\t<\/div>\n\t\t<\/div>\n\t\t\t\t\t<\/div>\n\t\t<\/section>\n\t\t\t\t<\/div>\n\t\t","protected":false},"excerpt":{"rendered":"<p>2023 &nbsp; &nbsp; &nbsp; Pu der B\u00e4r&nbsp;&nbsp; &nbsp; &nbsp; &nbsp; &nbsp; &nbsp; &nbsp; &nbsp; &nbsp;Skript\/Regie\/Musik: Christian Claas&nbsp; &nbsp; &nbsp; &nbsp; &nbsp; &nbsp; &nbsp; &nbsp; &nbsp;Staatstheater Meiningen &nbsp; &nbsp; &nbsp; &nbsp; &nbsp; &nbsp; &nbsp; &nbsp; Wo ist mein Bogen? &#8211;&nbsp; &nbsp; &nbsp; &nbsp; &nbsp; &nbsp; &nbsp; &nbsp; Sinfoniekonzert mit Puppe&nbsp; &nbsp; &nbsp; &nbsp; &nbsp; &nbsp; &nbsp; &hellip; <\/p>\n<p class=\"link-more\"><a href=\"https:\/\/christianclaas.com\/?page_id=210\" class=\"more-link\"><span class=\"screen-reader-text\">\u201eInszenierungen\u201c<\/span> weiterlesen<\/a><\/p>\n","protected":false},"author":1,"featured_media":0,"parent":0,"menu_order":0,"comment_status":"closed","ping_status":"closed","template":"","meta":{"footnotes":""},"_links":{"self":[{"href":"https:\/\/christianclaas.com\/index.php?rest_route=\/wp\/v2\/pages\/210"}],"collection":[{"href":"https:\/\/christianclaas.com\/index.php?rest_route=\/wp\/v2\/pages"}],"about":[{"href":"https:\/\/christianclaas.com\/index.php?rest_route=\/wp\/v2\/types\/page"}],"author":[{"embeddable":true,"href":"https:\/\/christianclaas.com\/index.php?rest_route=\/wp\/v2\/users\/1"}],"replies":[{"embeddable":true,"href":"https:\/\/christianclaas.com\/index.php?rest_route=%2Fwp%2Fv2%2Fcomments&post=210"}],"version-history":[{"count":41,"href":"https:\/\/christianclaas.com\/index.php?rest_route=\/wp\/v2\/pages\/210\/revisions"}],"predecessor-version":[{"id":750,"href":"https:\/\/christianclaas.com\/index.php?rest_route=\/wp\/v2\/pages\/210\/revisions\/750"}],"wp:attachment":[{"href":"https:\/\/christianclaas.com\/index.php?rest_route=%2Fwp%2Fv2%2Fmedia&parent=210"}],"curies":[{"name":"wp","href":"https:\/\/api.w.org\/{rel}","templated":true}]}}